/(-2))/(8/(-16)) composite?
True
Let l = -38 - -36. Suppose 4*n = 5*y + 15, 13 + 7 = 3*n + 5*y. Let z = n - l. Is z a composite number?
False
Let q = 2256 - -79. Is q composite?
True
Suppose 9 + 1 = -5*p - 2*t, 3*p - 5*t - 25 = 0. Suppose p = m - 4*m + 873. Is m a prime number?
False
Let m = 108 + 569. Is m prime?
True
Let r be (-1)/3*3/(-1). Let b be -1 - (0 + r - 23). Suppose 6*j = 3*j + b. Is j a prime number?
True
Let d = -402 + 709. Is d prime?
True
Let o = 1 + 2. Suppose 0*b - f - 569 = -o*b, 4*f - 780 = -4*b. Is b a prime number?
True
Suppose 0 = -2*y - 3*y + k + 423, 2*y - 178 = -4*k. Is y a prime number?
False
Let j be (4/8)/(2/28). Let m = j + -1. Is m prime?
False
Is 15/25*1 + (-22184)/(-10) prime?
False
Suppose 24 = h + 22. Suppose 4*v - h*j = 78, 3*v - 3*j - 41 - 10 = 0. Is v a prime number?
False
Let t be (2 + 2 - 3)*3. Suppose -m = t*m - 196. Is m a composite number?
True
Suppose l = 2*i + 11, -i + 6*i + 3 = -l. Let b = 16 - l. Is b a prime number?
False
Let p(g) be the first derivative of g**3/3 - 5*g + 1. Let j = 13 - 19. Is p(j) prime?
True
Let v = 65 - -399. Let u = -85 + v. Is u a prime number?
True
Let d(v) = 24*v + 1. Suppose -3*n + 7*n - 8 = 0. Is d(n) a composite number?
True
Let o be -3*1 - 4*-2. Suppose 39 = -o*i + 214. Is i a composite number?
True
Let r(z) = 2*z - 5. Let v be r(4). Let u = -7 + v. Is 2/8 - 39/u a prime number?
False
Suppose 0 = -2*b + o + 12 - 1, 4*o + 32 = 5*b. Suppose b = -w + 6. Is 0 + 0 - (-38)/w a prime number?
True
Let s(i) = -522*i - 55. Is s(-9) prime?
True
Let u be -2*(-2 - 1/(-2)). Suppose 3*i + 3*m = -i - 11, 0 = u*i - 4*m + 2. Is i/1 + (-45)/(-5) composite?
False
Let r be ((-3)/2)/((-12)/32). Is (46/r)/((-5)/(-10)) a composite number?
False
Let u be -3 - -3 - (-1 + -1). Suppose n = -5, -u*g - n = -2*n - 1. Let s = g - -4. Is s a prime number?
True
Let d = -994 - -1397. Is d a prime number?
False
Suppose y - 5*y = -4*p - 308, 0 = -2*y + 4*p + 160. Is y a composite number?
True
Suppose y = -3*p + 6, y + 0 = -4*p + 4. Let t(d) = -d**2 + 16*d - 13. Is t(y) a composite number?
True
Suppose -5*h + 49 = 2*y, 4*h + y - 2*y - 47 = 0. Suppose -4 = -5*b + h. Suppose b*k + 102 = 3*j + k, -4*j = -k - 136. Is j prime?
False
Let b = -8 + 11. Suppose -s = 4*s + 4*g + 2, -b*g + 12 = -3*s. Is s/(1 + (-207)/205) a prime number?
False
Let n be 212/(-7) - (-4)/14. Let p = n - -104. Is p a prime number?
False
Let u = -40 - -62. Let x = u - 16. Is x a composite number?
True
Let z(b) be the third derivative of 0*b + 0 + 4*b**2 - 3/2*b**3 - 1/6*b**4. Is z(-8) a prime number?
True
Suppose -t = -3*t + 340. Let x = t + -53. Let v = x + -80. Is v prime?
True
Let m(p) = p**3 + p + 149. Is m(0) a prime number?
True
Let r = 5307 - 3206. Is r prime?
False
Suppose -5*j + 920 = -4*g - 1793, -2*j - g + 1080 = 0. Is j composite?
False
Let m = -1445 - -4902. Is m a prime number?
True
Suppose 4*j + 4 = 4*c, -3*c + 4*j + 2 = -0*c. Suppose -9 = -c*n + 289. Is n a composite number?
False
Suppose 27 - 69 = -2*r. Suppose -r = 2*p - 607. Is p composite?
False
Let n(x) = -x**3 + 7*x**2 - 4*x - 3. Let w be n(4). Let a = w - -2. Is a prime?
True
Let v(r) = -5*r - 7. Let p be v(-5). Suppose -4*i + 14 = -p. Let m(o) = 7*o + 9. Is m(i) a composite number?
True
Suppose -t - 450 = -2*t. Suppose 3*y - 5*u - t = 0, -3*y = -0*y + 3*u - 426. Is y prime?
False
Let b(h) = h**3 - 6*h**2 + 7*h. Let n be 3/(3/12*-1). Let y be (-40)/n*(-3)/(-2). Is b(y) prime?
False
Let h(j) = j + 10. Let q be h(-8). Is (-2947)/(-63) - q/(-9) a prime number?
True
Suppose -4*t = 4*y - 96, 4*y - 14 - 46 = 5*t. Suppose 68 = 3*k - s, 5*s - y = -5*k + 100. Is k a prime number?
True
Suppose -2*c + 0*c - 122 = -4*v, 2*c - 33 = -v. Is v composite?
False
Suppose 4*n = -74 + 286. Is n a prime number?
True
Let x = -10 - -15. Suppose -3 = -k, y - 143 = -y + x*k. Is y a composite number?
False
Let o be (-27)/18*16/(-6). Suppose -552 = -o*i + 8*i. Let z = -25 - i. Is z composite?
False
Let j be ((-5)/15)/(1/(-21)). Let g = j - 4. Is g prime?
True
Suppose -5*n = -4*o - 20, n + o - 6*o = 4. Suppose -n*x = b - 216, 2*x + 2*b - 150 = -36. Is x a prime number?
True
Let u = -14 + 110. Suppose 2*n - 117 = p + u, -3*n - 5*p + 313 = 0. Is n composite?
True
Let i be 12/8*(-4)/6. Is (i + 3)/(2/59) a composite number?
False
Let p = 9 - 13. Let j = p + 4. Let q = 22 + j. Is q a composite number?
True
Let t(i) = 68*i - 29. Is t(7) composite?
True
Let v be ((-14)/4)/(3/18). Let y be -1 + -1 + (-15)/(-5). Is (0 - 1)/(y/v) a prime number?
False
Let b = 3 - 3. Let m = 6 - b. Suppose y = m*y - 235. Is y a prime number?
True
Let h be 16/(-3)*63/(-6). Suppose -q = 3*q - h. Is q composite?
True
Is (-2)/9*3*-51 a prime number?
False
Let a be (7 - 6) + (-3)/(-1). Suppose k - 319 = -2*z, z + z = a*k + 334. Is z a prime number?
False
Suppose 2*l - 2014 = -4*d, 0 = -d + 6*l - 7*l + 506. Is d composite?
True
Let q = 434 - 55. Suppose 2*a - 39 = h - 116, 4*a + q = 5*h. Suppose 0*w - h = -5*w. Is w composite?
True
Let f(p) = 2*p**2 - 5*p - 3. Let w be f(-3). Suppose w = m + m. Is m prime?
False
Let y be 24/156 + (-152)/(-26). Suppose r = y*r - 2935. Is r prime?
True
Suppose 4*b + 15 = 5*b. Suppose 24 + b = m. Is (-1)/((-3)/m)*5 prime?
False
Suppose 0*x + 12 = 3*x. Suppose -4*k = 5*y - 1309, -4*k = x*y - 5*y - 1327. Is k a composite number?
False
Is (-24 - 1)*(13 - 14) prime?
False
Let w be ((-22)/4)/((-6)/12). Let s(h) = -h - 2*h**2 + w*h**2 - h**3 - 5*h + 2 - 3. Is s(7) composite?
True
Is (-777)/12*(-8 + 4) prime?
False
Let w(f) = -f**3 + 4*f**2 + 4*f + 7. Let x be -9 + -1 - (-2 + 1). Let b be 30/x*3/(-2). Is w(b) composite?
False
Let x = 5854 - 1367. Is x prime?
False
Suppose 5*x = -0*x. Suppose -37 = -y - x*y. Is y prime?
True
Suppose 0*b = -5*b + 505. Suppose d - 26 = b. Is d a composite number?
False
Let h(u) = 25*u**2 + 3*u - 2. Let k be h(2). Suppose k = 5*d - 171. Is d composite?
True
Let x = -433 + 920. Is x prime?
True
Let b be 3/9 - (-581)/3. Suppose -2*g = -120 - b. Is g composite?
False
Suppose 1 = 2*y - 9. Suppose -d + y*d + 5*m = 632, 5*m - 306 = -2*d. Is d a prime number?
True
Let p be (2 + -6)*105/(-20). Suppose 0 = -5*t + 6*t - p. Is t prime?
False
Suppose -l + 3*l - 56 = 0. Suppose 4*p - 10 = -p, -3*p - 9 = -3*z. Suppose z*y - l = 27. Is y composite?
False
Let f be 2/10 + (-12816)/30. Let h = -278 - f. Is h a composite number?
False
Let g(r) = 5*r**2 - 6*r + 3. Let b be g(13). Let v = b + -451. Is v a prime number?
False
Let y be 8/6*(-36)/(-4). Let z be (y/3)/1 - 0. Suppose -z*g + 0 = -n + 1, 2*n - 3*g = 17. Is n prime?
True
Let w = -9 + 12. Suppose w*f = 2*d - 215, 210 = -0*d + 2*d - 4*f. Is d a prime number?
False
Let m = -21 + 41. Suppose a = 3*a - m. Is a prime?
False
Is ((-32800)/35)/(-5) + (-6)/14 a composite number?
True
Let r(y) = 3*y - 5. Let t(c) = c - 2. Let z(l) = 2*r(l) - 5*t(l). Let h be z(-8). Let b(u) = u**3 + 9*u**2 + 7*u - 4. Is b(h) a composite number?
True
Let f(s) = -s + 7. Is f(-14) a composite number?
True
Let b(u) = 4*u**2 - 9*u + 3. Is b(6) composite?
True
Let y = 5 + 138. Let u = y - 92. Is u composite?
True
Suppose 76 - 4 = -4*b. Is 74/1*(-9)/b composite?
False
Let g(z) = 18*z - 8. Let v(y) = -9*y + 4. Let b(r) = 2*g(r) + 5*v(r). Is b(-3) composite?
False
Let n be (356/1)/(-4) + -1. Is (-2)/5 - 13986/n a composite number?
True
Let s(y) = -2*y - 6. Let p be s(-5). Suppose -2*a - 2*o = -24, 0 = p*a + o - 47 - 10. Is a a composite number?
True
Let k(i) = 122*i**2 + 2. Let f be k(-4). Let w = f - 1271. Is w prime?
True
Let c(s) = 2*s - 5. Let b be c(5). Suppose -r + 273 = r + b*z, -4*r - z + 591 = 0. Is r a prime number?
True
Let z(u) = u**2 + u - 4. Is z(2) a prime number?
True
Let j(n) = -1113*n**3 - 2*n**2 + 2*n - 1. Let f be j(1). Let s = f - -1841. Is s a composite number?
False
Let x(u) = 415 + 0*u - u - 36. Is x(0) a prime number?
True
Let h = -3979 - -8028. Is h prime?
True
Let m = -23 - -23. Suppose 2*c - 73 = -l, 2*l - 6 = -5*c + 143. Suppose m*p = p - l. Is p a prime number?
True
Suppose -3*t = -i + 904, -7*t + 3*t - 903 = -i. Is i a composite number?
False
Let d(r) = 552*r + 1. Is d(1) a prime number?
False
Let c(s) = -s + 3. Let d be c(5). Let f = 7 + d. Suppose -3*j + f*h = -202, -2*j - 2*h + 226 = 2*j. Is j prime?
True
Let d be 1/2 - (-7)/2. Suppo